{"id":1874,"date":"2022-06-08T18:54:21","date_gmt":"2022-06-08T23:54:21","guid":{"rendered":"http:\/\/iquillabamba-001-site1.gtempurl.com\/?page_id=1874"},"modified":"2022-06-08T18:54:21","modified_gmt":"2022-06-08T23:54:21","slug":"tramites","status":"publish","type":"page","link":"https:\/\/eespquillabamba.edu.pe\/index.php\/tramites\/","title":{"rendered":"Tr\u00e1mites"},"content":{"rendered":"\n<p>Licencia de Estudios<\/p>\n\n\n\n<p>Es el permiso otorgado a solicitud del estudiante matriculado, para ausentarse del Instituto Santa Rosa por motivos de \u00edndole personal o de salud. Puede solicitar la licencia hasta la d\u00e9cima semana del ciclo respectivo.<\/p>\n\n\n\n<ul class=\"wp-block-list\"><li>En el IESPP Santa Rosa la licencia de estudios en los Programas de Estudios de Formaci\u00f3n Inicial Docente no puede exceder de los cuatro (4) ciclos o periodos acad\u00e9micos consecutivos o no.<\/li><li>Si el periodo de licencia finaliza sin que el estudiante del instituto se haya reincorporado o solicitado una ampliaci\u00f3n, siempre que esta no exceda de los cuatro ciclos acad\u00e9micos, pierde su condici\u00f3n de estudiante. Salvo en el caso de los estudiantes que durante su formaci\u00f3n adquirieron una discapacidad, los cuales tendr\u00e1n hasta cinco a\u00f1os para su reincorporaci\u00f3n.<\/li><\/ul>\n\n\n\n<p><strong>Requisitos:<\/strong><\/p>\n\n\n\n<ul class=\"wp-block-list\"><li>Solicitud dirigida a la directora dentro del plazo establecido.<\/li><li>Recibo de caja por pago de derecho de licencia de estudios.<\/li><li><\/li><\/ul>\n\n\n\n<p>Convalidaci\u00f3n<\/p>\n\n\n\n<p>Es el proceso solicitado por el estudiante mediante el cual se reconoce los conocimientos y capacidades adquiridas en una formaci\u00f3n previa a trav\u00e9s de la validaci\u00f3n de sus calificaciones obtenidas para ser aplicadas en espacios formativos que cuenten con resultados de aprendizaje y\/o contenidos similares, estimando adem\u00e1s su peso crediticio. La sola convalidaci\u00f3n no conduce a un t\u00edtulo o certificaci\u00f3n.<\/p>\n\n\n\n<ul class=\"wp-block-list\"><li>La convalidaci\u00f3n es aplicable a los procesos de traslado, reincorporaci\u00f3n, reingreso y otros procesos previstos en el RI, y procede siempre que el tiempo de interrupci\u00f3n de los estudios no exceda de los cinco (5) a\u00f1os.<\/li><li>Si el estudiante de Formaci\u00f3n Inicial Docente reingresa a la instituci\u00f3n a trav\u00e9s del proceso de admisi\u00f3n, la instituci\u00f3n puede aplicar el proceso de convalidaci\u00f3n de estudios para ubicarlo en el ciclo correspondiente.<\/li><li>La EESP podr\u00e1 atender casos de convalidaci\u00f3n de estudios solicitados por egresados de IEST con grado de bachiller t\u00e9cnico o t\u00edtulo profesional t\u00e9cnico. Si el plan de estudios del cual provienen no cuenta con cr\u00e9ditos acad\u00e9micos, la EESP considerar\u00e1 para la equivalencia el n\u00famero de horas de los estudios realizados. Los s\u00edlabos son requisito indispensable para tal fin.<\/li><li>Las solicitudes de convalidaci\u00f3n deben presentarse en plazos fijados por el Instituto Santa Rosa, anteriores a la culminaci\u00f3n del proceso de matr\u00edcula. La convalidaci\u00f3n se autoriza mediante resoluci\u00f3n directoral<\/li><\/ul>\n\n\n\n<p><strong>Requisitos:<\/strong><\/p>\n\n\n\n<ul class=\"wp-block-list\"><li>Solicitud dirigida a la directora general antes de inciado el proceso de matr\u00edcula<\/li><li>Certificado de estudios visados por la DREC que acredite a aprobaci\u00f3n de los cursos a convalidar.<\/li><li>S\u00edlabos de las \u00e1reas a convalidar.<\/li><li>Recibo de caja por pago de derecho de convalidaci\u00f3n de \u00e1reas por semestre.<\/li><\/ul>\n\n\n\n<p>Certificados de Estudios<\/p>\n\n\n\n<p>Es el documento que certifica la realizaci\u00f3n de estudios en el IESPP Santa Rosa. Se emite previo cumplimiento de los requisitos y pago de derechos que se estipulan en el RI. La informaci\u00f3n contenida responde estrictamente a lo registrado en actas de evaluaci\u00f3n del rendimiento acad\u00e9mico.<\/p>\n\n\n\n<ul class=\"wp-block-list\"><li>Los certificados de estudios se emiten en el formato oficial aprobado por el MINEDU.<\/li><\/ul>\n\n\n\n<p><strong>Requisitos:<\/strong><\/p>\n\n\n\n<ul class=\"wp-block-list\"><li>Solicitud dirigida a la directora.<\/li><li>Recibo de caja por pago de derecho de expedici\u00f3n de certificados.<\/li><li>3 fotograf\u00edas tama\u00f1o carnet (fondo blanco con terno).<\/li><\/ul>\n\n\n\n<p>Titulaci\u00f3n<\/p>\n\n\n\n<ul class=\"wp-block-list\"><li>Constancia de aprobaci\u00f3n de prueba de suficiencia acad\u00e9mica<\/li><li>Acta consolidada de prueba de suficiencia acad\u00e9mica para titulaci\u00f3n<\/li><li>Certificado de estudios dl instituto visado<\/li><li>Pago por derecho de sustentaci\u00f3n de tesis y expedici\u00f3n de t\u00edtulo.<\/li><li>Certificado de estudios secundaria visado.<\/li><li>Partida de nacimiento original<\/li><li>1 copia de D.N.I. fedatado y 2 sin fedatar<\/li><li>3 fotografias tama\u00f1o carnet (certificado de estudios).<\/li><li>4 fotografias tama\u00f1o pasaporte (para t\u00edtulo)<\/li><li>Constancia de no deudor de biblioteca<\/li><li>Constancia de no deudor de laboratorio.<\/li><\/ul>\n","protected":false},"excerpt":{"rendered":"<p>Licencia de Estudios Es el permiso otorgado a solicitud del estudiante matriculado, para ausentarse del Instituto Santa Rosa por motivos de \u00edndole personal o de salud. Puede solicitar la licencia hasta la d\u00e9cima semana del ciclo respectivo. En el IESPP Santa Rosa la licencia de estudios en los Programas de Estudios de Formaci\u00f3n Inicial Docente &hellip;<\/p>\n","protected":false},"author":1,"featured_media":0,"parent":0,"menu_order":0,"comment_status":"closed","ping_status":"closed","template":"","meta":{"footnotes":""},"class_list":["post-1874","page","type-page","status-publish","hentry"],"_links":{"self":[{"href":"https:\/\/eespquillabamba.edu.pe\/index.php\/wp-json\/wp\/v2\/pages\/1874","targetHints":{"allow":["GET"]}}],"collection":[{"href":"https:\/\/eespquillabamba.edu.pe\/index.php\/wp-json\/wp\/v2\/pages"}],"about":[{"href":"https:\/\/eespquillabamba.edu.pe\/index.php\/wp-json\/wp\/v2\/types\/page"}],"author":[{"embeddable":true,"href":"https:\/\/eespquillabamba.edu.pe\/index.php\/wp-json\/wp\/v2\/users\/1"}],"replies":[{"embeddable":true,"href":"https:\/\/eespquillabamba.edu.pe\/index.php\/wp-json\/wp\/v2\/comments?post=1874"}],"version-history":[{"count":1,"href":"https:\/\/eespquillabamba.edu.pe\/index.php\/wp-json\/wp\/v2\/pages\/1874\/revisions"}],"predecessor-version":[{"id":1876,"href":"https:\/\/eespquillabamba.edu.pe\/index.php\/wp-json\/wp\/v2\/pages\/1874\/revisions\/1876"}],"wp:attachment":[{"href":"https:\/\/eespquillabamba.edu.pe\/index.php\/wp-json\/wp\/v2\/media?parent=1874"}],"curies":[{"name":"wp","href":"https:\/\/api.w.org\/{rel}","templated":true}]}}