{"id":1808,"date":"2022-06-08T17:42:41","date_gmt":"2022-06-08T22:42:41","guid":{"rendered":"http:\/\/iquillabamba-001-site1.gtempurl.com\/?page_id=1808"},"modified":"2022-07-18T10:38:05","modified_gmt":"2022-07-18T15:38:05","slug":"mision-vision-valores-y-principios","status":"publish","type":"page","link":"https:\/\/eespquillabamba.edu.pe\/index.php\/mision-vision-valores-y-principios\/","title":{"rendered":"Misi\u00f3n"},"content":{"rendered":"\n<p>Somos una instituci\u00f3n de formaci\u00f3n inicial docente y continua para el pa\u00eds, con \u00e9nfasis en las regiones andina y amaz\u00f3nica, que requiere educadores id\u00f3neos, investigadores interculturales, cr\u00edticos, reflexivos y neuropedagogicos, promueve aprendizajes situados, a trav\u00e9s de una metodolog\u00eda actualizada y los aportes de las disciplinas cient\u00edficas al amparo de los avances tecnol\u00f3gicos.<\/p>\n\n\n\n<h1 class=\"wp-block-heading\">Visi\u00f3n:<\/h1>\n\n\n\n<p>Al 2024 ser una EESPP, l\u00edder ne la formaci\u00f3n de docentes investigadores, innovadores, cr\u00edtico-reflexivos e interculturales, y de otros agentes socicales, con una perspectiva cr\u00edtica, \u00e9tica, neuropedag\u00f3gica, equitativa y justa; garantizando el buen vivir en todos los ciudadanos especialmente los andinos y amaz\u00f3nicos.<\/p>\n\n\n\n<h1 class=\"wp-block-heading\">Valores<\/h1>\n\n\n\n<ul class=\"wp-block-list\"><li>La disciplina<\/li><li>La responsabilidad<\/li><li>La honestidad<\/li><li>La amistad<\/li><li>La solidaridad<\/li><li>El respeto<\/li><li>La empat\u00eda<\/li><li>La asertividad<\/li><\/ul>\n\n\n\n<h1 class=\"wp-block-heading\">Principios<\/h1>\n\n\n\n<ul class=\"wp-block-list\"><li>Human\u00edstico<\/li><li>Educaci\u00f3n de Calidad<\/li><li>Educaci\u00f3n para la vida<\/li><li>\u00c9tica<\/li><li>Interculturalidad<\/li><li>Conciencia ambiental<\/li><\/ul>\n\n\n<div class=\"wp-block-image\">\n<figure class=\"aligncenter size-large\"><img loading=\"lazy\" decoding=\"async\" width=\"1024\" height=\"350\" src=\"http:\/\/eespquillabamba.edu.pe\/wp-content\/uploads\/2022\/05\/slider2estudiantes-1024x350.jpg\" alt=\"\" class=\"wp-image-1741\" srcset=\"https:\/\/eespquillabamba.edu.pe\/wp-content\/uploads\/2022\/05\/slider2estudiantes-1024x350.jpg 1024w, https:\/\/eespquillabamba.edu.pe\/wp-content\/uploads\/2022\/05\/slider2estudiantes-300x103.jpg 300w, https:\/\/eespquillabamba.edu.pe\/wp-content\/uploads\/2022\/05\/slider2estudiantes-768x262.jpg 768w, https:\/\/eespquillabamba.edu.pe\/wp-content\/uploads\/2022\/05\/slider2estudiantes.jpg 1080w\" sizes=\"auto, (max-width: 1024px) 100vw, 1024px\" \/><\/figure>\n<\/div>","protected":false},"excerpt":{"rendered":"<p>Somos una instituci\u00f3n de formaci\u00f3n inicial docente y continua para el pa\u00eds, con \u00e9nfasis en las regiones andina y amaz\u00f3nica, que requiere educadores id\u00f3neos, investigadores interculturales, cr\u00edticos, reflexivos y neuropedagogicos, promueve aprendizajes situados, a trav\u00e9s de una metodolog\u00eda actualizada y los aportes de las disciplinas cient\u00edficas al amparo de los avances tecnol\u00f3gicos. Visi\u00f3n: Al 2024 &hellip;<\/p>\n","protected":false},"author":1,"featured_media":0,"parent":0,"menu_order":0,"comment_status":"closed","ping_status":"closed","template":"","meta":{"footnotes":""},"class_list":["post-1808","page","type-page","status-publish","hentry"],"_links":{"self":[{"href":"https:\/\/eespquillabamba.edu.pe\/index.php\/wp-json\/wp\/v2\/pages\/1808","targetHints":{"allow":["GET"]}}],"collection":[{"href":"https:\/\/eespquillabamba.edu.pe\/index.php\/wp-json\/wp\/v2\/pages"}],"about":[{"href":"https:\/\/eespquillabamba.edu.pe\/index.php\/wp-json\/wp\/v2\/types\/page"}],"author":[{"embeddable":true,"href":"https:\/\/eespquillabamba.edu.pe\/index.php\/wp-json\/wp\/v2\/users\/1"}],"replies":[{"embeddable":true,"href":"https:\/\/eespquillabamba.edu.pe\/index.php\/wp-json\/wp\/v2\/comments?post=1808"}],"version-history":[{"count":4,"href":"https:\/\/eespquillabamba.edu.pe\/index.php\/wp-json\/wp\/v2\/pages\/1808\/revisions"}],"predecessor-version":[{"id":2470,"href":"https:\/\/eespquillabamba.edu.pe\/index.php\/wp-json\/wp\/v2\/pages\/1808\/revisions\/2470"}],"wp:attachment":[{"href":"https:\/\/eespquillabamba.edu.pe\/index.php\/wp-json\/wp\/v2\/media?parent=1808"}],"curies":[{"name":"wp","href":"https:\/\/api.w.org\/{rel}","templated":true}]}}