{"id":1804,"date":"2022-06-08T17:39:31","date_gmt":"2022-06-08T22:39:31","guid":{"rendered":"http:\/\/iquillabamba-001-site1.gtempurl.com\/?page_id=1804"},"modified":"2022-07-18T08:38:30","modified_gmt":"2022-07-18T13:38:30","slug":"resena-historica","status":"publish","type":"page","link":"https:\/\/eespquillabamba.edu.pe\/index.php\/resena-historica\/","title":{"rendered":"Rese\u00f1a Hist\u00f3rica"},"content":{"rendered":"\n<p>El Instituto Superior de Educaci\u00f3n P\u00fablico Quillabamba fue creado a inicios de la d\u00e9cada de los 90 siendo presidente de la Rep\u00fablica don Alan Garc\u00eda P\u00e9rez, ante la necesidad de contar con una instituci\u00f3n de formaci\u00f3n superior que pueda formar profesionales en educaci\u00f3n y profesionales t\u00e9cnicos seg\u00fan la demanda en la poblaci\u00f3n juvenil de la provincia convenciana y de la regi\u00f3n.<\/p>\n\n\n\n<p>A veinticinco a\u00f1os de creaci\u00f3n y vida institucional, el Instituto contribuye al progreso de nuestra provincia formando profesionales y buscando la calidad y eficiencia en sus egresados contando para ello con la participaci\u00f3n de un selecto personal profesional ejerciendo la docencia en el nivel superior tecnol\u00f3gico. Se la considera como la Primera Casa de Estudios Superiores de la provincia de La Convenci\u00f3n. Desde el a\u00f1o 2009 funcionan las carreras tecnol\u00f3gicas de Contabilidad y de Computaci\u00f3n e Inform\u00e1tica.<\/p>\n\n\n\n<p>Adem\u00e1s de un Centro de C\u00f3mputo moderno y un laboratorio implementado, cuenta con un Centro Art\u00edstico Cultural implementado con vestuario diverso y t\u00edpico de la regi\u00f3n y el pa\u00eds, lo cual fomenta la identidad cultural. Existe un repositorio conformado por una biblioteca implementada con libros de cada especialidad, un Centro de Recursos Educativos, un comedor estudiantil, aulas pedag\u00f3gicas acondicionadas para las labores acad\u00e9micas de calidad, un ambiente de multi-servicios, aula virtual correctamente implementada en concordancia con los avances tecnol\u00f3gicos.<\/p>\n\n\n\n<p>En este momento el Instituto se encuentra en gesti\u00f3n de su primera Acreditaci\u00f3n bajo el nuevo modelo 2016 (al haber aprobado consecutivamente los procesos de evaluaci\u00f3n interna y verificaci\u00f3n externa desde el a\u00f1o 2004 hasta la fecha), resultado que refleja el trabajo tesonero de toda la comunidad educativa de esta Primera Casa de Estudios Superiores de nuestra provincia de La Convenci\u00f2n.<\/p>\n\n\n\n<p>En el presente a\u00f1o 2018 a trav\u00e9s del proceso de adecuaci\u00f3n y con R.D.N\u00aa 0862 de la DREC- Cusco pasamos a ser de ISEP-Q (Instituto Superior de Educaci\u00f2n P\u00f9blico Quillabamba) a IESPP-QUILLABAMBA (Instituto de Educaci\u00f2n Superior Pedag\u00f2gico P\u00f9blico Quillabamba) en fecha 21 de marzo del 2018.<\/p>\n\n\n\n<h2 class=\"wp-block-heading\">Nuestro Instituto<\/h2>\n\n\n\n<p>El Instituto Superior De Educaci\u00f3n Pedag\u00f2gico&nbsp; P\u00fablico \u201cQuillabamba\u201d se crea como una instituci\u00f3n educativa con el decreto &nbsp;: DS N\u00b0 02-90 ED (pedag\u00f3gico) y R.D. N\u00ba 0077-2009 ED (tecnol\u00f3gico) en el nivel educativo Superior Pedag\u00f3gico La Instituto Superior De Educaci\u00f3n Pedag\u00f2gico&nbsp; P\u00fablico \u201cQuillabamba\u201d, est\u00e1 asentado en la provincia de La Convencion regi\u00f3n de CUSCO, el \u00e1rea de influencia del Instituto de Educaci\u00f3n Superior Pedag\u00f3gico Publico \u201cQUILLABAMBA\u201d,&nbsp;&nbsp; es la provincia de La Convenci\u00f3n y sus distritos.<\/p>\n\n\n<div class=\"wp-block-image\">\n<figure class=\"aligncenter size-large\"><img loading=\"lazy\" decoding=\"async\" width=\"1024\" height=\"696\" src=\"http:\/\/eespquillabamba.edu.pe\/wp-content\/uploads\/2022\/06\/DJI_0015-1024x696.png\" alt=\"\" class=\"wp-image-1933\" srcset=\"https:\/\/eespquillabamba.edu.pe\/wp-content\/uploads\/2022\/06\/DJI_0015-1024x696.png 1024w, https:\/\/eespquillabamba.edu.pe\/wp-content\/uploads\/2022\/06\/DJI_0015-300x204.png 300w, https:\/\/eespquillabamba.edu.pe\/wp-content\/uploads\/2022\/06\/DJI_0015-768x522.png 768w, https:\/\/eespquillabamba.edu.pe\/wp-content\/uploads\/2022\/06\/DJI_0015-220x150.png 220w, https:\/\/eespquillabamba.edu.pe\/wp-content\/uploads\/2022\/06\/DJI_0015.png 1250w\" sizes=\"auto, (max-width: 1024px) 100vw, 1024px\" \/><\/figure>\n<\/div>","protected":false},"excerpt":{"rendered":"<p>El Instituto Superior de Educaci\u00f3n P\u00fablico Quillabamba fue creado a inicios de la d\u00e9cada de los 90 siendo presidente de la Rep\u00fablica don Alan Garc\u00eda P\u00e9rez, ante la necesidad de contar con una instituci\u00f3n de formaci\u00f3n superior que pueda formar profesionales en educaci\u00f3n y profesionales t\u00e9cnicos seg\u00fan la demanda en la poblaci\u00f3n juvenil de la &hellip;<\/p>\n","protected":false},"author":1,"featured_media":0,"parent":0,"menu_order":0,"comment_status":"closed","ping_status":"closed","template":"","meta":{"footnotes":""},"class_list":["post-1804","page","type-page","status-publish","hentry"],"_links":{"self":[{"href":"https:\/\/eespquillabamba.edu.pe\/index.php\/wp-json\/wp\/v2\/pages\/1804","targetHints":{"allow":["GET"]}}],"collection":[{"href":"https:\/\/eespquillabamba.edu.pe\/index.php\/wp-json\/wp\/v2\/pages"}],"about":[{"href":"https:\/\/eespquillabamba.edu.pe\/index.php\/wp-json\/wp\/v2\/types\/page"}],"author":[{"embeddable":true,"href":"https:\/\/eespquillabamba.edu.pe\/index.php\/wp-json\/wp\/v2\/users\/1"}],"replies":[{"embeddable":true,"href":"https:\/\/eespquillabamba.edu.pe\/index.php\/wp-json\/wp\/v2\/comments?post=1804"}],"version-history":[{"count":4,"href":"https:\/\/eespquillabamba.edu.pe\/index.php\/wp-json\/wp\/v2\/pages\/1804\/revisions"}],"predecessor-version":[{"id":2466,"href":"https:\/\/eespquillabamba.edu.pe\/index.php\/wp-json\/wp\/v2\/pages\/1804\/revisions\/2466"}],"wp:attachment":[{"href":"https:\/\/eespquillabamba.edu.pe\/index.php\/wp-json\/wp\/v2\/media?parent=1804"}],"curies":[{"name":"wp","href":"https:\/\/api.w.org\/{rel}","templated":true}]}}